remainder when 10205033 is divided by 5057?
7
What is the remainder when 3223059 is divided by 128?
19
What is the remainder when 2311439 is divided by 922?
907
What is the remainder when 2523108 is divided by 585?
3
Calculate the remainder when 192455 is divided by 12.
11
What is the remainder when 36981 is divided by 2640?
21
What is the remainder when 64328 is divided by 9187?
19
Calculate the remainder when 184931141 is divided by 36986227.
6
What is the remainder when 70558 is divided by 141?
58
What is the remainder when 36187 is divided by 35436?
751
Calculate the remainder when 60444 is divided by 2701.
1022
What is the remainder when 4021555 is divided by 7963?
240
What is the remainder when 1995030 is divided by 332504?
6
What is the remainder when 1781144 is divided by 445273?
52
What is the remainder when 292622826 is divided by 36?
30
What is the remainder when 2666767 is divided by 107?
6
Calculate the remainder when 1329850 is divided by 426.
304
Calculate the remainder when 99578 is divided by 8151.
1766
What is the remainder when 91246501 is divided by 2210?
21
What is the remainder when 13855553 is divided by 419863?
74
What is the remainder when 575741 is divided by 4492?
765
Calculate the remainder when 216657 is divided by 52197.
7869
Calculate the remainder when 52850888 is divided by 648.
8
Calculate the remainder when 298770 is divided by 323.
318
What is the remainder when 6754841 is divided by 57?
56
What is the remainder when 1070706 is divided by 535275?
156
What is the remainder when 108067770 is divided by 86?
84
What is the remainder when 5490421 is divided by 211158?
313
What is the remainder when 1794921 is divided by 61?
57
Calculate the remainder when 125871 is divided by 3246.
2523
What is the remainder when 8954438 is divided by 44?
42
Calculate the remainder when 6702446 is divided by 30.
26
Calculate the remainder when 90849022 is divided by 149.
146
What is the remainder when 2894996 is divided by 205?
191
What is the remainder when 91145 is divided by 4900?
2945
Calculate the remainder when 56598 is divided by 11294.
128
What is the remainder when 446129 is divided by 2001?
1907
Calculate the remainder when 38773 is divided by 1290.
73
Calculate the remainder when 8026591 is divided by 2149.
76
Calculate the remainder when 873730 is divided by 2212.
2202
Calculate the remainder when 3797734 is divided by 21216.
70
What is the remainder when 17177123 is divided by 7934?
13
Calculate the remainder when 5608 is divided by 2471.
666
What is the remainder when 1859 is divided by 1565?
294
Calculate the remainder when 77211 is divided by 823.
672
What is the remainder when 149554 is divided by 3924?
442
Calculate the remainder when 207801 is divided by 2099.
0
Calculate the remainder when 522086 is divided by 168492.
16610
What is the remainder when 1976026 is divided by 22977?
4
What is the remainder when 134918 is divided by 6461?
5698
Calculate the remainder when 492149245 is divided by 76.
73
Calculate the remainder when 113389757 is divided by 88.
85
What is the remainder when 52854 is divided by 13164?
198
What is the remainder when 1447009 is divided by 111308?
5
Calculate the remainder when 3104817 is divided by 846.
843
Calculate the remainder when 1018413 is divided by 169678.
345
Calculate the remainder when 967191 is divided by 1040.
1031
Calculate the remainder when 542748 is divided by 271372.
4
Calculate the remainder when 12831621 is divided by 67.
49
What is the remainder when 2369620 is divided by 124715?
35
Calculate the remainder when 11187835 is divided by 66993.
4
Calculate the remainder when 115315885 is divided by 3331.
3327
Calculate the remainder when 9063 is divided by 7835.
1228
What is the remainder when 997978 is divided by 249491?
14
Calculate the remainder when 16671415 is divided by 719.
681
What is the remainder when 299085 is divided by 72711?
8241
Calculate the remainder when 3268026 is divided by 1089336.
18
What is the remainder when 32838 is divided by 1328?
966
What is the remainder when 137261263 is divided by 952?
951
What is the remainder when 13838 is divided by 6465?
908
Calculate the remainder when 3378255 is divided by 321.
51
Calculate the remainder when 5734471 is divided by 5734458.
13
What is the remainder when 13338087 is divided by 10679?
16
Calculate the remainder when 4992199 is divided by 71.
47
Calculate the remainder when 462103 is divided by 115304.
887
What is the remainder when 32231183 is divided by 150613?
1
Calculate the remainder when 79139671 is divided by 4762.
4755
Calculate the remainder when 792492 is divided by 557.
438
Calculate the remainder when 3837357 is divided by 1672.
117
Calculate the remainder when 4459088 is divided by 998.
24
Calculate the remainder when 585802 is divided by 128.
74
Calculate the remainder when 219051 is divided by 447.
21
Calculate the remainder when 146597 is divided by 146506.
91
What is the remainder when 6125 is divided by 978?
257
What is the remainder when 10193108 is divided by 603?
599
Calculate the remainder when 1040860 is divided by 117.
28
Calculate the remainder when 341418 is divided by 596.
506
Calculate the remainder when 2238701 is divided by 21948.
5
Calculate the remainder when 1938779 is divided by 489.
383
What is the remainder when 15016133 is divided by 96?
5
What is the remainder when 3417536 is divided by 528?
320
What is the remainder when 12310083 is divided by 12152?
107
Calculate the remainder when 193866 is divided by 801.
24
What is the remainder when 58978051 is divided by 164743?
57
Calculate the remainder when 10612702 is divided by 225.
127
What is the remainder when 1039877 is divided by 1039499?
378
Calculate the remainder when 631906 is divided by 783.
25
What is the remainder when 346478 is divided by 527?
239
Calculate the remainder when 46900153 is divided by 528.
25
Calculate the remainder when 8920 is divided by 576.
280
What is the remainder when 69988389 is divided by 31?
30
What is the remainder when 16742757 is divided by 249?
246
Calculate the remainder when 2293758 is divided by 58.
32
Calculate the remainder when 94450847 is divided by 10975.
10972
Calculate the remainder when 232194 is divided by 2729.
229
What is the remainder when 147796 is divided by 6152?
148
Calculate the remainder when 21087164 is divided by 1317947.
12
What is the remainder when 212888 is divided by 3379?
11
Calculate the remainder when 134388 is divided by 11198.
12
What is the remainder when 9394286 is divided by 98887?
21
What is the remainder when 410353 is divided by 44?
9
What is the remainder when 98057 is divided by 4004?
1961
What is the remainder when 787463 is divided by 71581?
72
Calculate the remainder when 21593227 is divided by 1789.
1786
What is the remainder when 428431 is divided by 2517?
541
What is the remainder when 34404 is divided by 1399?
828
Calculate the remainder when 2405744 is divided by 2827.
2794
What is the remainder when 2321496 is divided by 1261?
1256
Calculate the remainder when 126941 is divided by 4378.
4357
Calculate the remainder when 34820968 is divided by 420.
28
What is the remainder when 156195 is divided by 1698?
1677
What is the remainder when 217183 is divided by 3946?
153
What is the remainder when 42020059 is divided by 647?
644
Calculate the remainder when 514185 is divided by 10078.
207
What is the remainder when 11040438 is divided by 445?
433
Calculate the remainder when 19611 is divided by 8399.
2813
What is the remainder when 954594 is divided by 1412?
82
Calculate the remainder when 1295158 is divided by 197.
80
Calculate the remainder when 168199 is divided by 1742.
967
Calculate the remainder when 23930877 is divided by 16.
13
What is the remainder when 60626363 is divided by 6062636?
3
What is the remainder when 385545 is divided by 128471?
132
What is the remainder when 10277011 is divided by 10276980?
31
Calculate the remainder when 2276769 is divided by 2276746.
23
What is the remainder when 53652 is divided by 237?
90
What is the remainder when 28803 is divided by 370?
313
What is the remainder when 218692801 is divided by 5?
1
What is the remainder when 6996071 is divided by 999400?
271
Calculate the remainder when 801